{"id":368,"date":"2021-06-15T09:32:30","date_gmt":"2021-06-15T09:32:30","guid":{"rendered":"https:\/\/www.actinyouth.eu\/?page_id=368"},"modified":"2023-08-07T12:27:05","modified_gmt":"2023-08-07T11:27:05","slug":"the-project","status":"publish","type":"page","link":"https:\/\/www.actinyouth.eu\/pt\/the-project\/","title":{"rendered":"O Projeto"},"content":{"rendered":"\n<p>O principal objetivo do ACTin\u2019YouTH \u00e9 capacitar as compet\u00eancias interculturais dos jovens trabalhadores com metodologias teatrais destinadas a criar workshops de teatro locais para a inclus\u00e3o social de jovens de diferentes origens culturais em risco de exclus\u00e3o social.<\/p>\n\n\n\n<p>Os t\u00e9cnicos de juventude ganhar\u00e3o compet\u00eancias no campo da comunica\u00e7\u00e3o n\u00e3o violenta, resolu\u00e7\u00e3o de conflitos e facilita\u00e7\u00e3o e desenvolver\u00e3o suas comepte\u00eancias comunicativas atrav\u00e9s de metodologias teatrais, bem como c\u00edrculos de conta\u00e7\u00e3o de hist\u00f3rias, melhorando assim a intercultural<\/p>\n\n\n\n<p>Acreditamos que o di\u00e1logo intercultural entre os jovens pode beneficiar a criatividade e as metodologias de atua\u00e7\u00e3o, uma vez que aprendem a colocar em pr\u00e1tica o di\u00e1logo intercultural e ganham uma forma alternativa de se expressar culturalmente.<\/p>\n\n\n\n<h3 class=\"wp-block-heading\">Participantes:<\/h3>\n\n\n\n<p><strong>Os t\u00e9cnicos de juventude <\/strong>que trabalham com jovens em risco de exclus\u00e3o social, em particular com pessoas de diferentes origens culturais ou com uma trajet\u00f3ria de migra\u00e7\u00e3o.<\/p>\n\n\n\n<p><strong>Jovens<\/strong>, de 18 a 30 anos, &#8211; migrantes rec\u00e9m-chegados &#8211; refugiados e requerentes de asilo &#8211; jovens de segunda gera\u00e7\u00e3o &#8211; jovens pertencentes a grupos culturais minorit\u00e1rios &#8211; jovens nativos e artistas que desejam empreender um caminho envolvente para a comunica\u00e7\u00e3o intercultural. Os participantes com menos oportunidades s\u00e3o o grupo-alvo central e os principais benefici\u00e1rios de toda a estrutura e desenho do projeto. O projeto foi pensado para colocar os jovens no centro de todas as atividades, tornando-os verdadeiros protagonistas e uma parte ativa do projeto.<\/p>\n\n\n\n<h3 class=\"wp-block-heading\">Os nossos Objetivos especificos s\u00e3o:<\/h3>\n\n\n\n<ul class=\"wp-block-list\"><li>desenvolver um curso de forma\u00e7\u00e3o em teatro para melhorar as compet\u00eancias interculturais e as aptid\u00f5es sociais dos trabalhadores jovens, com o objetivo de envolver e envolver os jovens<\/li><li>realizar workshops locais de teatro intercultural e atividades on-line relacionadas<\/li><li>criar uma \u201cperformance digital\u201d final cooperativa<\/li><li>desenvolver uma plataforma de ferramentas interativas colaborativas;<\/li><\/ul>\n\n\n\n<h3 class=\"wp-block-heading\">Prioridades<\/h3>\n\n\n\n<ul class=\"wp-block-list\"><li>Desenvolvimento de compet\u00eancias de inclus\u00e3o por meio da criatividade e das artes.<\/li><li>Promover a qualidade, inova\u00e7\u00e3o e reconhecimento do trabalho juvenil.<\/li><li>Promover o envolvimento, a conex\u00e3o e o empoderamento de jovens.<\/li><\/ul>\n\n\n\n<h3 class=\"wp-block-heading\">Nossos Contextos:<\/h3>\n\n\n\n<p>Trabalhadores da juventude em todos os pa\u00edses parceiros, relatam estar insuficientemente equipados para lidar com as quest\u00f5es que os jovens com menos oportunidades e \/ ou diferentes origens culturais est\u00e3o enfrentando devido \u00e0 situa\u00e7\u00e3o atual. Numerosas pesquisas sociais relatam que os jovens migrantes freq\u00fcentemente enfrentam s\u00e9rias desvantagens em nossas sociedades, como no mercado de trabalho ou no sistema educacional. No entanto, a experi\u00eancia de nossos parceiros mostra que, durante a emerg\u00eancia de sa\u00fade global, essas popula\u00e7\u00f5es jovens estiveram excessivamente expostas a problemas socioecon\u00f4micos, ao isolamento e ao risco de serem infectados pelo v\u00edrus. Al\u00e9m disso, os T\u00e9cnicos de Juventude relatam problemas duradouros no envolvimento com este grupo-alvo em atividades culturais ou educacionais e, portanto, ACTin&#8217;YouTH visa capacitar jovens e organiza\u00e7\u00f5es de jovens, desenvolvendo programas para promover o empoderamento pessoal, social e cultural, com \u00eanfase na juventude promo\u00e7\u00e3o do engajamento, educa\u00e7\u00e3o intercultural e uma estrat\u00e9gia centrada na juventude por meio da educa\u00e7\u00e3o n\u00e3o formal.<\/p>\n\n\n\n<h3 class=\"wp-block-heading\">Resultados previstos:<\/h3>\n\n\n\n<ul class=\"wp-block-list\"><li><strong>T\u00e9cnicos de Juventude <\/strong>de 6 pa\u00edses diferentes ser\u00e3o formados em metodologias de comunica\u00e7\u00e3o interculturais e teatrais. Este animador ir\u00e1 implementar, a n\u00edvel local, workshops de teatro local para melhor envolver os jovens em risco de exclus\u00e3o social, em particular com diferentes origens culturais; atividades de peer-learning a outros colegas sobre estas metodologias, a fim de tornar o impacto do projeto mais amplo e melhores compet\u00eancias relacionais e comunicativas para aplicar no seu trabalho quotidiano com os jovens e envolv\u00ea-los de forma eficaz em outros projetos.<\/li><li><strong>Jovem<\/strong> com uma forma\u00e7\u00e3o cultural diferente, participando nas atividades locais, experimentar\u00e3o uma oportunidade envolvente de interagir com outros jovens, encontrando formas comuns de comunica\u00e7\u00e3o, intera\u00e7\u00e3o, compreens\u00e3o m\u00fatua e colabora\u00e7\u00e3o<\/li><li><strong>Plataforma interativa<\/strong>: para facilitar que os participantes de todos os pa\u00edses parceiros troquem suas ideias, seus resultados e seus materiais sobre as atividades em andamento (a n\u00edvel local e transnacional), que permanecer\u00e3o ap\u00f3s a vida do projeto como um reposit\u00f3rio de boas pr\u00e1ticas desenvolvidas durante o projeto e como Ferramenta de e-forma\u00e7\u00e3o para futuros Trabalhadores Juvenis e Jovens que desejam abordar a metodologia.<\/li><li>Um <strong>manual<\/strong> que recolher\u00e1 os resultados dos projectos, os desafios espec\u00edficos e as solu\u00e7\u00f5es implementadas, de forma a divulg\u00e1-lo ainda mais a n\u00edvel nacional e internacional, em particular dirigido a Organiza\u00e7\u00f5es Juvenis e Autoridades P\u00fablicas que devam ter interesse em criar workshops interculturais locais visando a inclus\u00e3o social dos jovens.<\/li><li>Uma <strong>rede virtual<\/strong> de todas as organiza\u00e7\u00f5es, associa\u00e7\u00f5es, grupos informais de jovens que trabalham com teatro e artes performativas como ferramentas de inclus\u00e3o social e di\u00e1logo intercultural.<\/li><li><strong>Internacionaliza\u00e7\u00e3o de uma nova metodologia<\/strong><\/li><\/ul>\n","protected":false},"excerpt":{"rendered":"<p>O principal objetivo do ACTin\u2019YouTH \u00e9 capacitar as compet\u00eancias interculturais dos jovens trabalhadores com metodologias teatrais destinadas a criar workshops de teatro locais para a inclus\u00e3o social de jovens de diferentes origens culturais em risco de exclus\u00e3o social. Os t\u00e9cnicos de juventude ganhar\u00e3o compet\u00eancias no campo da comunica\u00e7\u00e3o n\u00e3o violenta, resolu\u00e7\u00e3o de conflitos e facilita\u00e7\u00e3o [&hellip;]<\/p>\n","protected":false},"author":1,"featured_media":0,"parent":0,"menu_order":0,"comment_status":"closed","ping_status":"closed","template":"","meta":{"_coblocks_attr":"","_coblocks_dimensions":"","_coblocks_responsive_height":"","_coblocks_accordion_ie_support":"","footnotes":""},"class_list":["post-368","page","type-page","status-publish","hentry"],"translation":{"provider":"WPGlobus","version":"3.0.2","language":"pt","enabled_languages":["en","es","ca","el","bg","it","pt","nl"],"languages":{"en":{"title":true,"content":true,"excerpt":false},"es":{"title":true,"content":true,"excerpt":false},"ca":{"title":true,"content":true,"excerpt":false},"el":{"title":true,"content":true,"excerpt":false},"bg":{"title":true,"content":true,"excerpt":false},"it":{"title":true,"content":true,"excerpt":false},"pt":{"title":true,"content":true,"excerpt":false},"nl":{"title":true,"content":true,"excerpt":false}}},"_links":{"self":[{"href":"https:\/\/www.actinyouth.eu\/pt\/wp-json\/wp\/v2\/pages\/368","targetHints":{"allow":["GET"]}}],"collection":[{"href":"https:\/\/www.actinyouth.eu\/pt\/wp-json\/wp\/v2\/pages"}],"about":[{"href":"https:\/\/www.actinyouth.eu\/pt\/wp-json\/wp\/v2\/types\/page"}],"author":[{"embeddable":true,"href":"https:\/\/www.actinyouth.eu\/pt\/wp-json\/wp\/v2\/users\/1"}],"replies":[{"embeddable":true,"href":"https:\/\/www.actinyouth.eu\/pt\/wp-json\/wp\/v2\/comments?post=368"}],"version-history":[{"count":37,"href":"https:\/\/www.actinyouth.eu\/pt\/wp-json\/wp\/v2\/pages\/368\/revisions"}],"predecessor-version":[{"id":1263,"href":"https:\/\/www.actinyouth.eu\/pt\/wp-json\/wp\/v2\/pages\/368\/revisions\/1263"}],"wp:attachment":[{"href":"https:\/\/www.actinyouth.eu\/pt\/wp-json\/wp\/v2\/media?parent=368"}],"curies":[{"name":"wp","href":"https:\/\/api.w.org\/{rel}","templated":true}]}}

<p>O principal objetivo do ACTin’YouTH é capacitar as competências interculturais dos jovens trabalhadores com metodologias teatrais destinadas a criar workshops de teatro locais para a inclusão social de jovens de diferentes origens culturais em risco de exclusão social.</p>



<p>Os técnicos de juventude ganharão competências no campo da comunicação não violenta, resolução de conflitos e facilitação e desenvolverão suas comepteências comunicativas através de metodologias teatrais, bem como círculos de contação de histórias, melhorando assim a intercultural</p>



<p>Acreditamos que o diálogo intercultural entre os jovens pode beneficiar a criatividade e as metodologias de atuação, uma vez que aprendem a colocar em prática o diálogo intercultural e ganham uma forma alternativa de se expressar culturalmente.</p>



<h3 class="wp-block-heading">Participantes:</h3>



<p><strong>Os técnicos de juventude </strong>que trabalham com jovens em risco de exclusão social, em particular com pessoas de diferentes origens culturais ou com uma trajetória de migração.</p>



<p><strong>Jovens</strong>, de 18 a 30 anos, &#8211; migrantes recém-chegados &#8211; refugiados e requerentes de asilo &#8211; jovens de segunda geração &#8211; jovens pertencentes a grupos culturais minoritários &#8211; jovens nativos e artistas que desejam empreender um caminho envolvente para a comunicação intercultural. Os participantes com menos oportunidades são o grupo-alvo central e os principais beneficiários de toda a estrutura e desenho do projeto. O projeto foi pensado para colocar os jovens no centro de todas as atividades, tornando-os verdadeiros protagonistas e uma parte ativa do projeto.</p>



<h3 class="wp-block-heading">Os nossos Objetivos especificos são:</h3>



<ul class="wp-block-list"><li>desenvolver um curso de formação em teatro para melhorar as competências interculturais e as aptidões sociais dos trabalhadores jovens, com o objetivo de envolver e envolver os jovens</li><li>realizar workshops locais de teatro intercultural e atividades on-line relacionadas</li><li>criar uma “performance digital” final cooperativa</li><li>desenvolver uma plataforma de ferramentas interativas colaborativas;</li></ul>



<h3 class="wp-block-heading">Prioridades</h3>



<ul class="wp-block-list"><li>Desenvolvimento de competências de inclusão por meio da criatividade e das artes.</li><li>Promover a qualidade, inovação e reconhecimento do trabalho juvenil.</li><li>Promover o envolvimento, a conexão e o empoderamento de jovens.</li></ul>



<h3 class="wp-block-heading">Nossos Contextos:</h3>



<p>Trabalhadores da juventude em todos os países parceiros, relatam estar insuficientemente equipados para lidar com as questões que os jovens com menos oportunidades e / ou diferentes origens culturais estão enfrentando devido à situação atual. Numerosas pesquisas sociais relatam que os jovens migrantes freqüentemente enfrentam sérias desvantagens em nossas sociedades, como no mercado de trabalho ou no sistema educacional. No entanto, a experiência de nossos parceiros mostra que, durante a emergência de saúde global, essas populações jovens estiveram excessivamente expostas a problemas socioeconômicos, ao isolamento e ao risco de serem infectados pelo vírus. Além disso, os Técnicos de Juventude relatam problemas duradouros no envolvimento com este grupo-alvo em atividades culturais ou educacionais e, portanto, ACTin&#8217;YouTH visa capacitar jovens e organizações de jovens, desenvolvendo programas para promover o empoderamento pessoal, social e cultural, com ênfase na juventude promoção do engajamento, educação intercultural e uma estratégia centrada na juventude por meio da educação não formal.</p>



<h3 class="wp-block-heading">Resultados previstos:</h3>



<ul class="wp-block-list"><li><strong>Técnicos de Juventude </strong>de 6 países diferentes serão formados em metodologias de comunicação interculturais e teatrais. Este animador irá implementar, a nível local, workshops de teatro local para melhor envolver os jovens em risco de exclusão social, em particular com diferentes origens culturais; atividades de peer-learning a outros colegas sobre estas metodologias, a fim de tornar o impacto do projeto mais amplo e melhores competências relacionais e comunicativas para aplicar no seu trabalho quotidiano com os jovens e envolvê-los de forma eficaz em outros projetos.</li><li><strong>Jovem</strong> com uma formação cultural diferente, participando nas atividades locais, experimentarão uma oportunidade envolvente de interagir com outros jovens, encontrando formas comuns de comunicação, interação, compreensão mútua e colaboração</li><li><strong>Plataforma interativa</strong>: para facilitar que os participantes de todos os países parceiros troquem suas ideias, seus resultados e seus materiais sobre as atividades em andamento (a nível local e transnacional), que permanecerão após a vida do projeto como um repositório de boas práticas desenvolvidas durante o projeto e como Ferramenta de e-formação para futuros Trabalhadores Juvenis e Jovens que desejam abordar a metodologia.</li><li>Um <strong>manual</strong> que recolherá os resultados dos projectos, os desafios específicos e as soluções implementadas, de forma a divulgá-lo ainda mais a nível nacional e internacional, em particular dirigido a Organizações Juvenis e Autoridades Públicas que devam ter interesse em criar workshops interculturais locais visando a inclusão social dos jovens.</li><li>Uma <strong>rede virtual</strong> de todas as organizações, associações, grupos informais de jovens que trabalham com teatro e artes performativas como ferramentas de inclusão social e diálogo intercultural.</li><li><strong>Internacionalização de uma nova metodologia</strong></li></ul>

<p>O principal objetivo do ACTin’YouTH é capacitar as competências interculturais dos jovens trabalhadores com metodologias teatrais destinadas a criar workshops de teatro locais para a inclusão social de jovens de diferentes origens culturais em risco de exclusão social. Os técnicos de juventude ganharão competências no campo da comunicação não violenta, resolução de conflitos e facilitação [&hellip;]</p>
